*b**2 - b. Let j = -18 - -25. Let r = 8 - j. What is the remainder when 48 is divided by n(r)?
14
Suppose 2*b = 5*b - 51. Calculate the remainder when 99 is divided by b.
14
Suppose 0*t - 5*t = 20, -4*b = t - 24. Suppose v + 134 = 2*r, -v + b*r - 131 = 2*r. Let l = 203 + v. Calculate the remainder when l is divided by 23.
21
What is the remainder when -116*-2*(-1)/(-4) is divided by 2*(-7 + (-2)/((-36)/297))?
1
Calculate the remainder when 3496/18 - (-8)/(-36) is divided by 68.
58
What is the remainder when (-3136)/(-42)*3*(-1)/(-2) is divided by 58?
54
Suppose 5*m + 5*u = 200, m + 2*u - 7*u = 10. Let l = -15 + m. Let b(h) = -h**3 - 4*h**2 - 2*h - 6. What is the remainder when b(-6) is divided by l?
18
Let n = 187 + -48. Let j = 198 - n. What is the remainder when j is divided by 20?
19
Let z(l) = -l**2 - 23*l - 25. Calculate the remainder when 344 is divided by z(-20).
29
Let c(p) = 37*p. Let g be c(2). Suppose g = 4*u - 6. Let o(d) = 10*d - 64. What is the remainder when u is divided by o(7)?
2
Let l(c) = 2*c**3 - c**2 + 2*c + 5. Let d be l(0). Suppose d = 2*t - 3*y, -2*y = -6*y + 4. What is the remainder when 23 is divided by t?
3
Suppose 0*d - 2*k - 12 = -2*d, -2*k - 16 = -4*d. Suppose 64 = 5*q + 4. Let p = q + d. What is the remainder when 54 is divided by p?
12
Let q = -6 + 6. Suppose q = -4*y - 81 + 213. Suppose 4*f = -k - k + 30, 0 = k + 3. Calculate the remainder when y is divided by f.
6
Let x(f) be the third derivative of 5/8*f**4 + 0*f - 1/60*f**5 + 6*f**2 - 4/3*f**3 + 0. What is the remainder when 28 is divided by x(14)?
4
Suppose 78 = 2*j - 42. Suppose 0 = 3*b - 0*b - 2*v - 42, 4*v = 4*b - j. Calculate the remainder when 107 is divided by b.
11
Let u(t) = t**3 - 8*t**2 + 8*t + 12. Calculate the remainder when 37 is divided by u(7).
18
Let k(l) = -9*l. Let g be 114*(-3)/(-6) + 3. Suppose -14*s - g = -19*s. Calculate the remainder when k(-5) is divided by s.
9
Suppose 10*t = 3247 - 777. Calculate the remainder when t is divided by 62.
61
Let k = -3 - -9. Let p(n) = n**3 - 3*n**2 + 11*n + 2. Let y be p(k). Suppose -4*g + y = 8. What is the remainder when g is divided by 23?
19
Let d(q) = q**3 + 11*q**2 + 12*q + 1. Let u(p) = p**3 - 19*p**2 - 15*p - 90. Calculate the remainder when d(-8) is divided by u(20).
7
Let w be (-9)/(-27)*9*3. Let k be w/3 - (-1)/1. Suppose 4*b + 90 = 2*q, 3*q - 46 - 39 = -k*b. What is the remainder when 139 is divided by q?
34
Let c = 35 + -21. Let k(i) = -2*i**2 + 45*i - 197. What is the remainder when k(14) is divided by c?
13
Suppose -20*w + 9*w + 561 = 0. Calculate the remainder when 201 is divided by w.
48
Suppose 18*g - 22*g + 20 = 0. Suppose 0 = x - 4 - g. Suppose -2*m + 25 = -m. What is the remainder when m is divided by x?
7
Suppose 0 = -4*f - 2*t - 0*t + 70, 3*f + 4*t = 40. What is the remainder when f is divided by 9?
2
Let y = 2314 + -2287. Calculate the remainder when 41 is divided by y.
14
Suppose 31 - 81 = -5*u. Calculate the remainder when 24 is divided by u.
4
Let c(l) be the first derivative of -11 - 1/3*l**3 - 17*l - 13/2*l**2. Calculate the remainder when 43 is divided by c(-8).
20
Suppose -2*c = v - 37, -3*c - v = 4*v - 73. Calculate the remainder when 72 is divided by c.
8
Let z(s) = 5*s**2 + 19*s + 57. Let t = -1 + 1. Suppose g + 5*x + 4 = 0, 0 = -2*g - t*g - 2*x + 24. What is the remainder when z(-3) is divided by g?
13
Let c be 28/8*((-11)/(-7) + -1). Suppose 5*m + c*t + 25 = 70, -55 = -5*m - 4*t. Calculate the remainder when 19 is divided by m.
5
Let z = -13 - -11. Let x be (3 - -20)*(-2)/z. Let h = x - 8. Calculate the remainder when h is divided by 6.
3
Let o = 116 + -99. Suppose 20*u - 525 = o*u. Calculate the remainder when u is divided by 60.
55
Let x(r) = -r**3 + 5*r**2 + r + 7. Let n be (-5)/(-20) + 3/4. What is the remainder when n*34 + 3 + -3 is divided by x(5)?
10
Let h(b) = 13*b**2 + 26*b - 119. What is the remainder when h(4) is divided by (-171)/(-12) - 1/4?
11
Let g(c) = c**3 + 14*c**2 - 146*c + 13. What is the remainder when 1198 is divided by g(7)?
18
Let s = 0 + 3. Suppose s*g + 14 = -4. Let o = 14 + g. Calculate the remainder when 29 is divided by o.
5
Suppose -18*t - 9 + 81 = 0. Calculate the remainder when -1*(1*-23 - 2) is divided by t.
1
Suppose 0*t - 84 = -4*t. Suppose -p + 0*p + 2 = 0. Suppose x - 246 = -p*x. Calculate the remainder when x is divided by t.
19
Suppose -7*g + 240 = 5*g. What is the remainder when 78 is divided by g?
18
Let n(d) = 4*d + 22. Let g be n(-5). What is the remainder when 51 is divided by 45*g/(-6)*-1?
6
Let k = 512 - 466. Calculate the remainder when 412 is divided by k.
44
What is the remainder when 160 is divided by 66 + -26 + 10 + 0?
10
Let x = 0 - -2. Let f(s) = -2 + 6*s - s**2 + 7 + 0*s**x + 0*s**2. Calculate the remainder when 27 is divided by f(5).
7
Suppose 4*f - 2*f = -2*u + 40, -5*u - f + 116 = 0. What is the remainder when 106 is divided by u?
10
Suppose 0 = 3*o + 5*h - 1, -52 = -4*o + 2*h - 16. What is the remainder when 41 is divided by o?
6
Let t(q) = q**3 - 3*q**2 - 4*q + 13. What is the remainder when 254 is divided by t(5)?
39
Let p(r) = -r**3 + 7*r**2 + 22. Let z be p(8). Calculate the remainder when 201 is divided by 1*(12/(-10))/(z/1820).
45
Let z(m) = 33*m - 64. Calculate the remainder when z(6) is divided by 45.
44
Let w = 17 + -14. Let r = 8 - w. Suppose r*d - 81 = -4*q, 0 = -3*q - 3*d - 2*d + 67. What is the remainder when 36 is divided by q?
8
Let v(l) = -l**2 + 5*l - 9. Let q be v(-7). Let i = q + 97. Calculate the remainder when 42 is divided by i.
2
Suppose -5*u + t = 817, -352 + 847 = -3*u + 3*t. Let g = -118 - u. What is the remainder when g is divided by 3?
0
Suppose -4*z + 5*m + 206 - 30 = 0, 20 = 5*m. Calculate the remainder when z is divided by (0 - 2)*(-13)/2.
10
Let x = 1 + 18. Let c = 185 - 180. Calculate the remainder when x is divided by c.
4
Let m(s) = s**2 + 19*s + 3. Let d be m(-10). Let q = d + 113. What is the remainder when 65 is divided by q?
13
Let t(z) = 4*z - 5. Suppose 25*g - 52 = 23*g. Calculate the remainder when t(13) is divided by g.
21
Let z(r) = 4*r - 6. What is the remainder when z(14) is divided by 29?
21
Let p be 9/(-4) - 3/(-12). Calculate the remainder when 27 - (7 - 3)/p is divided by (72/15)/((-12)/(-40)).
13
Let v(n) = -14*n**3 - 12*n + 10. Let k(g) = g**3 + g - 1. Let f(m) = -12*k(m) - v(m). Calculate the remainder when f(2) is divided by 10.
8
Let m = -13 + 24. Suppose 3*z = 0, -5*d + 4*d + 3 = -z. Calculate the remainder when m is divided by d.
2
What is the remainder when 48 is divided by (-1 + -11)*212/(-159)?
0
Suppose -11*h - 47 + 311 = 0. Calculate the remainder when 82 is divided by h.
10
Let w be (-5)/(-4) - (-12)/16. Let x = -3 + w. Calculate the remainder when 42 is divided by 2*(x + (-34)/(-4)).
12
Let j(r) = -12*r - 477. Calculate the remainder when j(-51) is divided by 3.
0
Suppose 31*c - 30*c - 32 = 0. What is the remainder when -3 + (c/(-2))/(-2) is divided by (8/(-6))/((-1)/3)?
1
Let v(g) = -26*g**3 + 2*g**2 + g + 2. Let w be v(2). Let p be (-6)/(-10) + w/10. Let t = -7 - p. Calculate the remainder when t is divided by 5.
2
Let t(d) = d**3 + 24*d**2 + 4*d + 16. Let j be t(-24). Let c = j + 126. Calculate the remainder when c is divided by 6.
4
Let l(h) = -5*h**3 - 2*h**2 + 1. Let g be l(-1). Suppose -n = 3*y - 16 - 13, -4*y + 28 = g*n. What is the remainder when 32 is divided by y?
10
Let x be 4/1*4 - -1. Suppose -x = -4*i - 9. Calculate the remainder when 36 is divided by i/(-4) - 216/(-16).
10
Suppose 35 = 4*w - 101. Suppose 4*t - 2 = w. Let j = 163 - 146. What is the remainder when j is divided by t?
8
What is the remainder when 69516/297 + (-40)/660 is divided by 47?
46
Let i(c) = 21*c**3 + 0 - 20*c**3 - 10*c**2 + 17*c + 8 + 1. What is the remainder when 99 is divided by i(8)?
14
Suppose 0 = n - 10 - 15. Calculate the remainder when ((-74)/5)/1*-5 is divided by n.
24
Let j = -186 - -425. Calculate the remainder when j is divided by 11.
8
Suppose -2*q - 5*v + 124 = -3*v, 4*v = 2*q - 130. What is the remainder when q is divided by 24?
15
Let k = -86 - -160. What is the remainder when 143 is divided by k?
69
Let r(k) = k**2 + 3*k - 7. Let z(j) = 20*j**2 - 1. Let q be 1/((-2)/2) - 0. Calculate the remainder when z(q) is divided by r(3).
8
What is t